{"id":4617,"date":"2024-12-16T20:12:44","date_gmt":"2024-12-16T19:12:44","guid":{"rendered":"https:\/\/gtegroupe.com\/?page_id=4617"},"modified":"2024-12-16T20:14:50","modified_gmt":"2024-12-16T19:14:50","slug":"comptable-client","status":"publish","type":"page","link":"https:\/\/gtegroupe.com\/index.php\/on-recrute\/comptable-client\/","title":{"rendered":"Recrutement : Comptable Client"},"content":{"rendered":"\t\t<div data-elementor-type=\"wp-page\" data-elementor-id=\"4617\" class=\"elementor elementor-4617\">\n\t\t\t\t<div class=\"elementor-element elementor-element-6b8f13f e-flex e-con-boxed e-con e-parent\" data-id=\"6b8f13f\" data-element_type=\"container\" data-e-type=\"container\">\n\t\t\t\t\t<div class=\"e-con-inner\">\n\t\t\t\t<div class=\"elementor-element elementor-element-951f804 elementor-widget elementor-widget-heading\" data-id=\"951f804\" data-element_type=\"widget\" data-e-type=\"widget\" data-widget_type=\"heading.default\">\n\t\t\t\t<div class=\"elementor-widget-container\">\n\t\t\t\t\t<h2 class=\"elementor-heading-title elementor-size-default\">Comptable Client <\/h2>\t\t\t\t<\/div>\n\t\t\t\t<\/div>\n\t\t\t\t\t<\/div>\n\t\t\t\t<\/div>\n\t\t<div class=\"elementor-element elementor-element-eaa47e2 e-grid e-con-boxed e-con e-parent\" data-id=\"eaa47e2\" data-element_type=\"container\" data-e-type=\"container\">\n\t\t\t\t\t<div class=\"e-con-inner\">\n\t\t\t\t<div class=\"elementor-element elementor-element-d29beb5 elementor-widget elementor-widget-text-editor\" data-id=\"d29beb5\" data-element_type=\"widget\" data-e-type=\"widget\" data-widget_type=\"text-editor.default\">\n\t\t\t\t<div class=\"elementor-widget-container\">\n\t\t\t\t\t\t\t\t\t<p class=\"x_MsoNormal\" data-olk-copy-source=\"MessageBody\">GTE-Automotive, Groupe industriel familial r\u00e9gional cr\u00e9\u00e9 en 2010 autour d\u2019un projet de mobilit\u00e9 professionnelle d\u00e9carbon\u00e9e. Aujourd\u2019hui, nos entreprises sont port\u00e9es par les valeurs de ses fondateurs, innovation, \u00e9co-responsabilit\u00e9, am\u00e9lioration sociale et soci\u00e9tale.<\/p><p class=\"x_MsoNormal\">Le groupe est pass\u00e9 de 1 \u00e0 240 salari\u00e9s en 10 ans et est \u00e0 ce jour toujours en pleine expansion. GTE-Automotive recrute aujourd\u2019hui pour son site de Sallaumines.<\/p><p class=\"x_MsoNormal\" aria-hidden=\"true\">\u00a0<\/p><p class=\"x_MsoNormal\">Rattach\u00e9(e) au Chef comptable, le (la) comptable clients sera charg\u00e9(e) d\u2019assurer la bonne gestion des comptes clients et participer aux cl\u00f4tures comptables mensuelles et annuelles. Il ou elle aura pour mission :<\/p><p class=\"x_MsoNormal\" aria-hidden=\"true\">\u00a0<\/p><p class=\"x_MsoNormal\">-D&rsquo;assurer la facturation des clients sur la base des documents communiqu\u00e9s par les autres services<\/p><p class=\"x_MsoNormal\">-D\u2019assurer la r\u00e9alisation des avoirs<\/p><p class=\"x_MsoNormal\">-D\u2019assurer l\u2019impression des factures\/avoirs et leur envoi aux clients<\/p><p class=\"x_MsoNormal\">-Relancer les clients sur les \u00e9ch\u00e9ances d\u00e9pass\u00e9es et non r\u00e9gl\u00e9es<\/p><p class=\"x_MsoNormal\">-R\u00e9aliser le contr\u00f4le des comptes li\u00e9s au factor<\/p><p class=\"x_MsoNormal\">-Contr\u00f4ler des comptes tiers clients en vue de justifier tout \u00e9cart<\/p><p class=\"x_MsoNormal\" aria-hidden=\"true\">\u00a0<\/p><p class=\"x_MsoNormal\">Nous recherchons un profil ayant connaissance de SAGE X3 et du syst\u00e8me de factoring.<\/p><p class=\"x_MsoNormal\">Le (la) candidat(e) devra faire preuve de discr\u00e9tion et de confidentialit\u00e9, \u00eatre \u00e0 l\u2019\u00e9coute et rigoureux, et savoir communiquer de fa\u00e7on claire avec les clients.<\/p><p class=\"x_MsoNormal\" aria-hidden=\"true\">\u00a0<\/p><p class=\"x_MsoNormal\">Type d&#8217;emploi : CDI<\/p><p class=\"x_MsoNormal\">R\u00e9mun\u00e9ration\u00a0: 24 000 \u2013 28 000<\/p><p class=\"x_MsoNormal\">Horaires\u00a0: 39h<\/p>\t\t\t\t\t\t\t\t<\/div>\n\t\t\t\t<\/div>\n\t\t\t\t\t<\/div>\n\t\t\t\t<\/div>\n\t\t\t\t<\/div>\n\t\t","protected":false},"excerpt":{"rendered":"<p>Comptable Client GTE-Automotive, Groupe industriel familial r\u00e9gional cr\u00e9\u00e9 en 2010 autour d\u2019un projet de mobilit\u00e9 professionnelle d\u00e9carbon\u00e9e. Aujourd\u2019hui, nos entreprises [&hellip;]<\/p>\n","protected":false},"author":1,"featured_media":0,"parent":4355,"menu_order":0,"comment_status":"closed","ping_status":"closed","template":"","meta":{"site-sidebar-layout":"default","site-content-layout":"","ast-site-content-layout":"default","site-content-style":"default","site-sidebar-style":"default","ast-global-header-display":"","ast-banner-title-visibility":"","ast-main-header-display":"","ast-hfb-above-header-display":"","ast-hfb-below-header-display":"","ast-hfb-mobile-header-display":"","site-post-title":"","ast-breadcrumbs-content":"","ast-featured-img":"","footer-sml-layout":"","theme-transparent-header-meta":"","adv-header-id-meta":"","stick-header-meta":"","header-above-stick-meta":"","header-main-stick-meta":"","header-below-stick-meta":"","astra-migrate-meta-layouts":"default","ast-page-background-enabled":"default","ast-page-background-meta":{"desktop":{"background-color":"var(--ast-global-color-5)","background-image":"","background-repeat":"repeat","background-position":"center center","background-size":"auto","background-attachment":"scroll","background-type":"","background-media":"","overlay-type":"","overlay-color":"","overlay-opacity":"","overlay-gradient":""},"tablet":{"background-color":"","background-image":"","background-repeat":"repeat","background-position":"center center","background-size":"auto","background-attachment":"scroll","background-type":"","background-media":"","overlay-type":"","overlay-color":"","overlay-opacity":"","overlay-gradient":""},"mobile":{"background-color":"","background-image":"","background-repeat":"repeat","background-position":"center center","background-size":"auto","background-attachment":"scroll","background-type":"","background-media":"","overlay-type":"","overlay-color":"","overlay-opacity":"","overlay-gradient":""}},"ast-content-background-meta":{"desktop":{"background-color":"var(--ast-global-color-4)","background-image":"","background-repeat":"repeat","background-position":"center center","background-size":"auto","background-attachment":"scroll","background-type":"","background-media":"","overlay-type":"","overlay-color":"","overlay-opacity":"","overlay-gradient":""},"tablet":{"background-color":"var(--ast-global-color-4)","background-image":"","background-repeat":"repeat","background-position":"center center","background-size":"auto","background-attachment":"scroll","background-type":"","background-media":"","overlay-type":"","overlay-color":"","overlay-opacity":"","overlay-gradient":""},"mobile":{"background-color":"var(--ast-global-color-4)","background-image":"","background-repeat":"repeat","background-position":"center center","background-size":"auto","background-attachment":"scroll","background-type":"","background-media":"","overlay-type":"","overlay-color":"","overlay-opacity":"","overlay-gradient":""}},"footnotes":""},"class_list":["post-4617","page","type-page","status-publish","hentry"],"yoast_head":"<!-- This site is optimized with the Yoast SEO plugin v27.4 - https:\/\/yoast.com\/product\/yoast-seo-wordpress\/ -->\n<title>Recrutement : Comptable Client - GTE Automotive<\/title>\n<meta name=\"robots\" content=\"index, follow, max-snippet:-1, max-image-preview:large, max-video-preview:-1\" \/>\n<link rel=\"canonical\" href=\"https:\/\/gtegroupe.com\/index.php\/on-recrute\/comptable-client\/\" \/>\n<meta property=\"og:locale\" content=\"fr_FR\" \/>\n<meta property=\"og:type\" content=\"article\" \/>\n<meta property=\"og:title\" content=\"Recrutement : Comptable Client - GTE Automotive\" \/>\n<meta property=\"og:description\" content=\"Comptable Client GTE-Automotive, Groupe industriel familial r\u00e9gional cr\u00e9\u00e9 en 2010 autour d\u2019un projet de mobilit\u00e9 professionnelle d\u00e9carbon\u00e9e. Aujourd\u2019hui, nos entreprises [&hellip;]\" \/>\n<meta property=\"og:url\" content=\"https:\/\/gtegroupe.com\/index.php\/on-recrute\/comptable-client\/\" \/>\n<meta property=\"og:site_name\" content=\"GTE Automotive\" \/>\n<meta property=\"article:modified_time\" content=\"2024-12-16T19:14:50+00:00\" \/>\n<meta name=\"twitter:card\" content=\"summary_large_image\" \/>\n<meta name=\"twitter:label1\" content=\"Dur\u00e9e de lecture estim\u00e9e\" \/>\n\t<meta name=\"twitter:data1\" content=\"2 minutes\" \/>\n<script type=\"application\/ld+json\" class=\"yoast-schema-graph\">{\"@context\":\"https:\\\/\\\/schema.org\",\"@graph\":[{\"@type\":\"WebPage\",\"@id\":\"https:\\\/\\\/gtegroupe.com\\\/index.php\\\/on-recrute\\\/comptable-client\\\/\",\"url\":\"https:\\\/\\\/gtegroupe.com\\\/index.php\\\/on-recrute\\\/comptable-client\\\/\",\"name\":\"Recrutement : Comptable Client - GTE Automotive\",\"isPartOf\":{\"@id\":\"http:\\\/\\\/gtegroupe.com\\\/#website\"},\"datePublished\":\"2024-12-16T19:12:44+00:00\",\"dateModified\":\"2024-12-16T19:14:50+00:00\",\"breadcrumb\":{\"@id\":\"https:\\\/\\\/gtegroupe.com\\\/index.php\\\/on-recrute\\\/comptable-client\\\/#breadcrumb\"},\"inLanguage\":\"fr-FR\",\"potentialAction\":[{\"@type\":\"ReadAction\",\"target\":[\"https:\\\/\\\/gtegroupe.com\\\/index.php\\\/on-recrute\\\/comptable-client\\\/\"]}]},{\"@type\":\"BreadcrumbList\",\"@id\":\"https:\\\/\\\/gtegroupe.com\\\/index.php\\\/on-recrute\\\/comptable-client\\\/#breadcrumb\",\"itemListElement\":[{\"@type\":\"ListItem\",\"position\":1,\"name\":\"Accueil\",\"item\":\"http:\\\/\\\/gtegroupe.com\\\/\"},{\"@type\":\"ListItem\",\"position\":2,\"name\":\"On recrute !\",\"item\":\"http:\\\/\\\/gtegroupe.com\\\/index.php\\\/on-recrute\\\/\"},{\"@type\":\"ListItem\",\"position\":3,\"name\":\"Recrutement : Comptable Client\"}]},{\"@type\":\"WebSite\",\"@id\":\"http:\\\/\\\/gtegroupe.com\\\/#website\",\"url\":\"http:\\\/\\\/gtegroupe.com\\\/\",\"name\":\"Site GTE Automotive\",\"description\":\"Vous transporter vers l&#039;avenir\",\"publisher\":{\"@id\":\"http:\\\/\\\/gtegroupe.com\\\/#organization\"},\"potentialAction\":[{\"@type\":\"SearchAction\",\"target\":{\"@type\":\"EntryPoint\",\"urlTemplate\":\"http:\\\/\\\/gtegroupe.com\\\/?s={search_term_string}\"},\"query-input\":{\"@type\":\"PropertyValueSpecification\",\"valueRequired\":true,\"valueName\":\"search_term_string\"}}],\"inLanguage\":\"fr-FR\"},{\"@type\":\"Organization\",\"@id\":\"http:\\\/\\\/gtegroupe.com\\\/#organization\",\"name\":\"GTE-Automotive\",\"url\":\"http:\\\/\\\/gtegroupe.com\\\/\",\"logo\":{\"@type\":\"ImageObject\",\"inLanguage\":\"fr-FR\",\"@id\":\"http:\\\/\\\/gtegroupe.com\\\/#\\\/schema\\\/logo\\\/image\\\/\",\"url\":\"https:\\\/\\\/gtegroupe.com\\\/wp-content\\\/uploads\\\/2024\\\/07\\\/gte-automotive-blc.png\",\"contentUrl\":\"https:\\\/\\\/gtegroupe.com\\\/wp-content\\\/uploads\\\/2024\\\/07\\\/gte-automotive-blc.png\",\"width\":1861,\"height\":1142,\"caption\":\"GTE-Automotive\"},\"image\":{\"@id\":\"http:\\\/\\\/gtegroupe.com\\\/#\\\/schema\\\/logo\\\/image\\\/\"}}]}<\/script>\n<!-- \/ Yoast SEO plugin. -->","yoast_head_json":{"title":"Recrutement : Comptable Client - GTE Automotive","robots":{"index":"index","follow":"follow","max-snippet":"max-snippet:-1","max-image-preview":"max-image-preview:large","max-video-preview":"max-video-preview:-1"},"canonical":"https:\/\/gtegroupe.com\/index.php\/on-recrute\/comptable-client\/","og_locale":"fr_FR","og_type":"article","og_title":"Recrutement : Comptable Client - GTE Automotive","og_description":"Comptable Client GTE-Automotive, Groupe industriel familial r\u00e9gional cr\u00e9\u00e9 en 2010 autour d\u2019un projet de mobilit\u00e9 professionnelle d\u00e9carbon\u00e9e. Aujourd\u2019hui, nos entreprises [&hellip;]","og_url":"https:\/\/gtegroupe.com\/index.php\/on-recrute\/comptable-client\/","og_site_name":"GTE Automotive","article_modified_time":"2024-12-16T19:14:50+00:00","twitter_card":"summary_large_image","twitter_misc":{"Dur\u00e9e de lecture estim\u00e9e":"2 minutes"},"schema":{"@context":"https:\/\/schema.org","@graph":[{"@type":"WebPage","@id":"https:\/\/gtegroupe.com\/index.php\/on-recrute\/comptable-client\/","url":"https:\/\/gtegroupe.com\/index.php\/on-recrute\/comptable-client\/","name":"Recrutement : Comptable Client - GTE Automotive","isPartOf":{"@id":"http:\/\/gtegroupe.com\/#website"},"datePublished":"2024-12-16T19:12:44+00:00","dateModified":"2024-12-16T19:14:50+00:00","breadcrumb":{"@id":"https:\/\/gtegroupe.com\/index.php\/on-recrute\/comptable-client\/#breadcrumb"},"inLanguage":"fr-FR","potentialAction":[{"@type":"ReadAction","target":["https:\/\/gtegroupe.com\/index.php\/on-recrute\/comptable-client\/"]}]},{"@type":"BreadcrumbList","@id":"https:\/\/gtegroupe.com\/index.php\/on-recrute\/comptable-client\/#breadcrumb","itemListElement":[{"@type":"ListItem","position":1,"name":"Accueil","item":"http:\/\/gtegroupe.com\/"},{"@type":"ListItem","position":2,"name":"On recrute !","item":"http:\/\/gtegroupe.com\/index.php\/on-recrute\/"},{"@type":"ListItem","position":3,"name":"Recrutement : Comptable Client"}]},{"@type":"WebSite","@id":"http:\/\/gtegroupe.com\/#website","url":"http:\/\/gtegroupe.com\/","name":"Site GTE Automotive","description":"Vous transporter vers l&#039;avenir","publisher":{"@id":"http:\/\/gtegroupe.com\/#organization"},"potentialAction":[{"@type":"SearchAction","target":{"@type":"EntryPoint","urlTemplate":"http:\/\/gtegroupe.com\/?s={search_term_string}"},"query-input":{"@type":"PropertyValueSpecification","valueRequired":true,"valueName":"search_term_string"}}],"inLanguage":"fr-FR"},{"@type":"Organization","@id":"http:\/\/gtegroupe.com\/#organization","name":"GTE-Automotive","url":"http:\/\/gtegroupe.com\/","logo":{"@type":"ImageObject","inLanguage":"fr-FR","@id":"http:\/\/gtegroupe.com\/#\/schema\/logo\/image\/","url":"https:\/\/gtegroupe.com\/wp-content\/uploads\/2024\/07\/gte-automotive-blc.png","contentUrl":"https:\/\/gtegroupe.com\/wp-content\/uploads\/2024\/07\/gte-automotive-blc.png","width":1861,"height":1142,"caption":"GTE-Automotive"},"image":{"@id":"http:\/\/gtegroupe.com\/#\/schema\/logo\/image\/"}}]}},"_links":{"self":[{"href":"https:\/\/gtegroupe.com\/index.php\/wp-json\/wp\/v2\/pages\/4617","targetHints":{"allow":["GET"]}}],"collection":[{"href":"https:\/\/gtegroupe.com\/index.php\/wp-json\/wp\/v2\/pages"}],"about":[{"href":"https:\/\/gtegroupe.com\/index.php\/wp-json\/wp\/v2\/types\/page"}],"author":[{"embeddable":true,"href":"https:\/\/gtegroupe.com\/index.php\/wp-json\/wp\/v2\/users\/1"}],"replies":[{"embeddable":true,"href":"https:\/\/gtegroupe.com\/index.php\/wp-json\/wp\/v2\/comments?post=4617"}],"version-history":[{"count":8,"href":"https:\/\/gtegroupe.com\/index.php\/wp-json\/wp\/v2\/pages\/4617\/revisions"}],"predecessor-version":[{"id":4626,"href":"https:\/\/gtegroupe.com\/index.php\/wp-json\/wp\/v2\/pages\/4617\/revisions\/4626"}],"up":[{"embeddable":true,"href":"https:\/\/gtegroupe.com\/index.php\/wp-json\/wp\/v2\/pages\/4355"}],"wp:attachment":[{"href":"https:\/\/gtegroupe.com\/index.php\/wp-json\/wp\/v2\/media?parent=4617"}],"curies":[{"name":"wp","href":"https:\/\/api.w.org\/{rel}","templated":true}]}}